{"id":669,"date":"2018-11-02T10:56:55","date_gmt":"2018-11-02T10:56:55","guid":{"rendered":"http:\/\/biomedicas.unp.edu.py\/?page_id=669"},"modified":"2025-12-05T19:51:16","modified_gmt":"2025-12-05T22:51:16","slug":"unidad-de-calidad","status":"publish","type":"page","link":"https:\/\/biomedicas.unp.edu.py\/?page_id=669","title":{"rendered":"Aseguramiento de Calidad"},"content":{"rendered":"\n<ul class=\"wp-block-list\">\n<li><strong>FUNCIONES<\/strong><\/li>\n\n\n\n<li>Planificar el POA de la Unidad, en coherencia con el PEI y el Plan de mejoras,<\/li>\n\n\n\n<li>Dise\u00f1ar y evaluar pol\u00edticas y estrategias eficaces para el mejoramiento continuo conducente a la calidad educativa institucional;<\/li>\n\n\n\n<li>Impulsar el logro de la Acreditaci\u00f3n de las carreras profesionales y de la facultad;<\/li>\n\n\n\n<li>Proporcionar informaci\u00f3n id\u00f3nea, oportuna y pertinente a los \u00f3rganos de gobierno y autoridades acad\u00e9micas para una buena toma de decisiones y dise\u00f1o de planes de mejora;<\/li>\n\n\n\n<li>Gestionar, a trav\u00e9s de Rectorado, con instancias externas la evaluaci\u00f3n y la acreditaci\u00f3n de las carreras y de la Facultad de Ciencias Biom\u00e9dicas;<\/li>\n\n\n\n<li>Desarrollar e implementar el sistema de calidad de la Facultad, mediante una oportuna formulaci\u00f3n del Plan de mejoras basada en los resultados de los procesos de autoevaluaci\u00f3n;<\/li>\n\n\n\n<li>Monitorear el Sistema de evaluaci\u00f3n de la calidad acad\u00e9mica de la facultad, tanto a nivel de programas acad\u00e9micos como institucionales con fines de mejora y acreditaci\u00f3n de carreras e institucionales;<\/li>\n\n\n\n<li>Apoyar a los comit\u00e9s de cada carrera en los procesos de autoevaluaci\u00f3n;<\/li>\n\n\n\n<li>Sensibilizar a la comunidad acad\u00e9mica e institucional sobre los procesos de autoevaluaci\u00f3n como acto reflexivo b\u00e1sico en la b\u00fasqueda de la calidad, logrando instalarla como una cultura institucional;<\/li>\n\n\n\n<li>Implementar sistem\u00e1ticamente en coordinaci\u00f3n con las instancias decisivas de la instituci\u00f3n, los procesos de autoevaluaci\u00f3n y evaluaci\u00f3n, considerando los est\u00e1ndares de calidad nacional e internacional de la Educaci\u00f3n Superior, con miras a la mejora continua;<\/li>\n\n\n\n<li>Planificar espacios de socializaci\u00f3n permanente de los resultados y niveles de calidad que se logran mediante estos procesos;<\/li>\n\n\n\n<li>Solicitar el avance y cumplimiento de los POAS de las distintas unidades y o dependencias que funcionan en la facultad;<\/li>\n\n\n\n<li>Informar y difundir los resultados y niveles de mejora continua conducente a la calidad que se vienen alcanzando las diversas dependencias y la instituci\u00f3n;<\/li>\n\n\n\n<li>Impulsar la interacci\u00f3n entre los equipos que participan de una manera u otra en los procesos de mejora continua;<\/li>\n\n\n\n<li>Administrar la documentaci\u00f3n relacionada con los procesos de calidad y los marcos legales y jur\u00eddicos que los sustentan;<\/li>\n\n\n\n<li>Establecer mecanismos de comunicaci\u00f3n con las agencias acreditadoras de carreras e institucionales, con el prop\u00f3sito de desarrollar los procesos de manera coherente con lo solicitado por estas agencias;<\/li>\n\n\n\n<li>Planificar, dirigir y coordinar el proceso de autoevaluaci\u00f3n, con el fin de orientar el diagn\u00f3stico, la b\u00fasqueda de soluciones, y el establecimiento de estrategias que permitan introducir los cambios requeridos y la elaboraci\u00f3n del informe final;<\/li>\n\n\n\n<li>Establecer un cronograma de trabajo y de los requerimientos econ\u00f3micos para llevar adelante la tarea;<\/li>\n\n\n\n<li>Dar a conocer los prop\u00f3sitos y objetivos del proceso de autoevaluaci\u00f3n a toda la comunidad educativa;<\/li>\n\n\n\n<li>Garantizar claridad y transparencia en la planificaci\u00f3n, desarrollo y evaluaci\u00f3n del proceso, generando un clima de confianza y seguridad;<\/li>\n\n\n\n<li>Asumir el liderazgo, promover la participaci\u00f3n, dirigir la socializaci\u00f3n de los resultados y generar compromisos de los diferentes estamentos durante el proceso de la autoevaluaci\u00f3n;<\/li>\n\n\n\n<li>Manejar la gu\u00eda de autoevaluaci\u00f3n con solvencia acad\u00e9mica y liderazgo;<\/li>\n\n\n\n<li>Coordinar el trabajo con las subcomisiones que se organicen en las unidades acad\u00e9micas o programas;<\/li>\n\n\n\n<li>Orientar y supervisar los informes peri\u00f3dicos de los grupos de trabajo;<\/li>\n\n\n\n<li>Responsabilizarse, conjuntamente con los dem\u00e1s miembros y sub comit\u00e9s de la redacci\u00f3n del informe final, en sus aspectos de forma y de fondo;<\/li>\n\n\n\n<li>Preparar los aspectos relacionados a la recepci\u00f3n a los pares evaluadores, en su fecha de visita.<\/li>\n<\/ul>\n\n\n\n<p><\/p>\n","protected":false},"excerpt":{"rendered":"","protected":false},"author":9,"featured_media":0,"parent":0,"menu_order":0,"comment_status":"closed","ping_status":"closed","template":"","meta":{"site-sidebar-layout":"default","site-content-layout":"","ast-site-content-layout":"default","site-content-style":"default","site-sidebar-style":"default","ast-global-header-display":"","ast-banner-title-visibility":"","ast-main-header-display":"","ast-hfb-above-header-display":"","ast-hfb-below-header-display":"","ast-hfb-mobile-header-display":"","site-post-title":"","ast-breadcrumbs-content":"","ast-featured-img":"","footer-sml-layout":"","ast-disable-related-posts":"","theme-transparent-header-meta":"","adv-header-id-meta":"","stick-header-meta":"","header-above-stick-meta":"","header-main-stick-meta":"","header-below-stick-meta":"","astra-migrate-meta-layouts":"set","ast-page-background-enabled":"default","ast-page-background-meta":{"desktop":{"background-color":"var(--ast-global-color-4)","background-image":"","background-repeat":"repeat","background-position":"center center","background-size":"auto","background-attachment":"scroll","background-type":"","background-media":"","overlay-type":"","overlay-color":"","overlay-opacity":"","overlay-gradient":""},"tablet":{"background-color":"","background-image":"","background-repeat":"repeat","background-position":"center center","background-size":"auto","background-attachment":"scroll","background-type":"","background-media":"","overlay-type":"","overlay-color":"","overlay-opacity":"","overlay-gradient":""},"mobile":{"background-color":"","background-image":"","background-repeat":"repeat","background-position":"center center","background-size":"auto","background-attachment":"scroll","background-type":"","background-media":"","overlay-type":"","overlay-color":"","overlay-opacity":"","overlay-gradient":""}},"ast-content-background-meta":{"desktop":{"background-color":"var(--ast-global-color-5)","background-image":"","background-repeat":"repeat","background-position":"center center","background-size":"auto","background-attachment":"scroll","background-type":"","background-media":"","overlay-type":"","overlay-color":"","overlay-opacity":"","overlay-gradient":""},"tablet":{"background-color":"var(--ast-global-color-5)","background-image":"","background-repeat":"repeat","background-position":"center center","background-size":"auto","background-attachment":"scroll","background-type":"","background-media":"","overlay-type":"","overlay-color":"","overlay-opacity":"","overlay-gradient":""},"mobile":{"background-color":"var(--ast-global-color-5)","background-image":"","background-repeat":"repeat","background-position":"center center","background-size":"auto","background-attachment":"scroll","background-type":"","background-media":"","overlay-type":"","overlay-color":"","overlay-opacity":"","overlay-gradient":""}},"iawp_total_views":20,"footnotes":""},"class_list":["post-669","page","type-page","status-publish","hentry"],"_links":{"self":[{"href":"https:\/\/biomedicas.unp.edu.py\/index.php?rest_route=\/wp\/v2\/pages\/669","targetHints":{"allow":["GET"]}}],"collection":[{"href":"https:\/\/biomedicas.unp.edu.py\/index.php?rest_route=\/wp\/v2\/pages"}],"about":[{"href":"https:\/\/biomedicas.unp.edu.py\/index.php?rest_route=\/wp\/v2\/types\/page"}],"author":[{"embeddable":true,"href":"https:\/\/biomedicas.unp.edu.py\/index.php?rest_route=\/wp\/v2\/users\/9"}],"replies":[{"embeddable":true,"href":"https:\/\/biomedicas.unp.edu.py\/index.php?rest_route=%2Fwp%2Fv2%2Fcomments&post=669"}],"version-history":[{"count":8,"href":"https:\/\/biomedicas.unp.edu.py\/index.php?rest_route=\/wp\/v2\/pages\/669\/revisions"}],"predecessor-version":[{"id":5224,"href":"https:\/\/biomedicas.unp.edu.py\/index.php?rest_route=\/wp\/v2\/pages\/669\/revisions\/5224"}],"wp:attachment":[{"href":"https:\/\/biomedicas.unp.edu.py\/index.php?rest_route=%2Fwp%2Fv2%2Fmedia&parent=669"}],"curies":[{"name":"wp","href":"https:\/\/api.w.org\/{rel}","templated":true}]}}